{"id":732506,"date":"2025-03-03T16:15:56","date_gmt":"2025-03-03T15:15:56","guid":{"rendered":"https:\/\/stoic-curie.212-227-153-4.plesk.page\/producto\/kuehlschrank-vitrifrigo-c60i-en-60lt-12-24v\/"},"modified":"2026-02-24T23:34:35","modified_gmt":"2026-02-24T23:34:35","slug":"kuehlschrank-vitrifrigo-c60i-en-60lt-12-24v","status":"publish","type":"product","link":"https:\/\/stoic-curie.212-227-153-4.plesk.page\/de\/product\/kuehlschrank-vitrifrigo-c60i-en-60lt-12-24v\/","title":{"rendered":"K\u00fchlschrank Vitrifrigo C60i"},"content":{"rendered":"<p>K\u00fchlschrank Vitrifrigo C60i &#8211; <\/p>\n<p>K\u00fchlschrank-Gefrierkombination, C60iA Airlock, Grau, Vitrifrigo. Die Vitrifrigo-K\u00fchlschr\u00e4nke arbeiten mit einer internen Danfoss-K\u00fchlaggregate, die mit 12\/24V betrieben wird, und verf\u00fcgen \u00fcber eine umkehrbare T\u00fcr, die in eine Bel\u00fcftungsposition eingestellt werden kann, wenn das Ger\u00e4t nicht in Gebrauch ist. Jede Einheit wird mit einem LED-Licht und einem mechanischen Thermostat geliefert.<\/p>\n<p>Der Airlock C60iA CHR K\u00fchlschrank-Gefrierkombination aus der Airlock-Serie ist eine hervorragende Wahl, bietet eine Gesamtgr\u00f6\u00dfe von 60 Litern mit einem optionalen Gefrierfach, das 10,2 Liter fasst.<\/p>\n<p>Dieses Modell umfasst einen Kaltlagerverdampfer, der die richtige Temperatur f\u00fcr einen bestimmten Zeitraum aufrechterhalten kann, ohne auf den Kompressor angewiesen zu sein, und das K\u00fchlmittelger\u00e4t befindet sich im Inneren der Einheit.<\/p>\n<p>Bemerkenswerte Merkmale sind eine graue paneelbare T\u00fcr mit einem Schnappverschluss, der das versehentliche \u00d6ffnen verhindert. Der T\u00fcrgriff hat auch ein integriertes &#8220;Bel\u00fcftungsposition&#8221;-System, das eine teilweise \u00d6ffnung w\u00e4hrend inaktiver Zeiten erm\u00f6glicht. Diese Funktion hilft, Schimmel und unerw\u00fcnschte Ger\u00fcche zu vermeiden und sichert eine optimale Lebensmittelkonservierung.<\/p>\n<p><strong>Spezifikationen:<\/strong><\/p>\n<ul>\n<li><strong>T\u00fcrausf\u00fchrung:<\/strong> Laminat<\/li>\n<li><strong>Kapazit\u00e4t:<\/strong> 60,00 Liter<\/li>\n<li><strong>H\u00f6he:<\/strong> 622,00 mm<\/li>\n<li><strong>L\u00e4nge:<\/strong> 470,00 mm<\/li>\n<li><strong>Tiefe:<\/strong> 457,00 mm<\/li>\n<li><strong>Serie:<\/strong> AIRLOCK<\/li>\n<li><strong>Umkehrbare T\u00fcr:<\/strong> Ja<\/li>\n<li><strong>Thermostat:<\/strong> Mechanisch<\/li>\n<li><strong>K\u00e4ltetechnologie:<\/strong> Kompressor<\/li>\n<li><strong>K\u00fchlelement:<\/strong> Intern<\/li>\n<li><strong>T\u00fcrausf\u00fchrung:<\/strong> Einzelne Vorderseite<\/li>\n<li><strong>Spannung:<\/strong> 12\/24 VDC<\/li>\n<\/ul>\n","protected":false},"excerpt":{"rendered":"<p>K\u00fchlschrank Vitrifrigo C60i &#8211; K\u00fchlschrank-Gefrierkombination, C60iA Airlock, Grau, Vitrifrigo. Die Vitrifrigo-K\u00fchlschr\u00e4nke arbeiten mit einer internen Danfoss-K\u00fchlaggregate, die mit 12\/24V betrieben<\/p>\n","protected":false},"featured_media":5935950,"comment_status":"open","ping_status":"closed","template":"","meta":[],"product_brand":[3525],"product_cat":[1464],"product_tag":[],"class_list":{"0":"post-732506","1":"product","2":"type-product","3":"status-publish","4":"has-post-thumbnail","6":"product_brand-vitrifrigo-de","7":"product_cat-kuehlschraenke-und-gefriertruhen","9":"first","10":"instock","11":"shipping-taxable","12":"purchasable","13":"product-type-simple"},"_links":{"self":[{"href":"https:\/\/stoic-curie.212-227-153-4.plesk.page\/de\/wp-json\/wp\/v2\/product\/732506","targetHints":{"allow":["GET"]}}],"collection":[{"href":"https:\/\/stoic-curie.212-227-153-4.plesk.page\/de\/wp-json\/wp\/v2\/product"}],"about":[{"href":"https:\/\/stoic-curie.212-227-153-4.plesk.page\/de\/wp-json\/wp\/v2\/types\/product"}],"replies":[{"embeddable":true,"href":"https:\/\/stoic-curie.212-227-153-4.plesk.page\/de\/wp-json\/wp\/v2\/comments?post=732506"}],"version-history":[{"count":0,"href":"https:\/\/stoic-curie.212-227-153-4.plesk.page\/de\/wp-json\/wp\/v2\/product\/732506\/revisions"}],"wp:featuredmedia":[{"embeddable":true,"href":"https:\/\/stoic-curie.212-227-153-4.plesk.page\/de\/wp-json\/wp\/v2\/media\/5935950"}],"wp:attachment":[{"href":"https:\/\/stoic-curie.212-227-153-4.plesk.page\/de\/wp-json\/wp\/v2\/media?parent=732506"}],"wp:term":[{"taxonomy":"product_brand","embeddable":true,"href":"https:\/\/stoic-curie.212-227-153-4.plesk.page\/de\/wp-json\/wp\/v2\/product_brand?post=732506"},{"taxonomy":"product_cat","embeddable":true,"href":"https:\/\/stoic-curie.212-227-153-4.plesk.page\/de\/wp-json\/wp\/v2\/product_cat?post=732506"},{"taxonomy":"product_tag","embeddable":true,"href":"https:\/\/stoic-curie.212-227-153-4.plesk.page\/de\/wp-json\/wp\/v2\/product_tag?post=732506"}],"curies":[{"name":"wp","href":"https:\/\/api.w.org\/{rel}","templated":true}]}}

Kühlschrank Vitrifrigo C60i

<p>Kühlschrank Vitrifrigo C60i &#8211; </p>
<p>Kühlschrank-Gefrierkombination, C60iA Airlock, Grau, Vitrifrigo. Die Vitrifrigo-Kühlschränke arbeiten mit einer internen Danfoss-Kühlaggregate, die mit 12/24V betrieben wird, und verfügen über eine umkehrbare Tür, die in eine Belüftungsposition eingestellt werden kann, wenn das Gerät nicht in Gebrauch ist. Jede Einheit wird mit einem LED-Licht und einem mechanischen Thermostat geliefert.</p>
<p>Der Airlock C60iA CHR Kühlschrank-Gefrierkombination aus der Airlock-Serie ist eine hervorragende Wahl, bietet eine Gesamtgröße von 60 Litern mit einem optionalen Gefrierfach, das 10,2 Liter fasst.</p>
<p>Dieses Modell umfasst einen Kaltlagerverdampfer, der die richtige Temperatur für einen bestimmten Zeitraum aufrechterhalten kann, ohne auf den Kompressor angewiesen zu sein, und das Kühlmittelgerät befindet sich im Inneren der Einheit.</p>
<p>Bemerkenswerte Merkmale sind eine graue paneelbare Tür mit einem Schnappverschluss, der das versehentliche Öffnen verhindert. Der Türgriff hat auch ein integriertes &#8220;Belüftungsposition&#8221;-System, das eine teilweise Öffnung während inaktiver Zeiten ermöglicht. Diese Funktion hilft, Schimmel und unerwünschte Gerüche zu vermeiden und sichert eine optimale Lebensmittelkonservierung.</p>
<p><strong>Spezifikationen:</strong></p>
<ul>
<li><strong>Türausführung:</strong> Laminat</li>
<li><strong>Kapazität:</strong> 60,00 Liter</li>
<li><strong>Höhe:</strong> 622,00 mm</li>
<li><strong>Länge:</strong> 470,00 mm</li>
<li><strong>Tiefe:</strong> 457,00 mm</li>
<li><strong>Serie:</strong> AIRLOCK</li>
<li><strong>Umkehrbare Tür:</strong> Ja</li>
<li><strong>Thermostat:</strong> Mechanisch</li>
<li><strong>Kältetechnologie:</strong> Kompressor</li>
<li><strong>Kühlelement:</strong> Intern</li>
<li><strong>Türausführung:</strong> Einzelne Vorderseite</li>
<li><strong>Spannung:</strong> 12/24 VDC</li>
</ul>

<p>Kühlschrank Vitrifrigo C60i &#8211; Kühlschrank-Gefrierkombination, C60iA Airlock, Grau, Vitrifrigo. Die Vitrifrigo-Kühlschränke arbeiten mit einer internen Danfoss-Kühlaggregate, die mit 12/24V betrieben</p>
