{"id":744370,"date":"2025-03-03T19:12:22","date_gmt":"2025-03-03T18:12:22","guid":{"rendered":"https:\/\/stoic-curie.212-227-153-4.plesk.page\/producto\/kompresor-dometic-cu55-okomito\/"},"modified":"2026-02-25T00:01:14","modified_gmt":"2026-02-25T00:01:14","slug":"kompresor-dometic-cu55-okomito","status":"publish","type":"product","link":"https:\/\/stoic-curie.212-227-153-4.plesk.page\/hr\/product\/kompresor-dometic-cu55-okomito\/","title":{"rendered":"Kompresor Dometic CU55 okomito"},"content":{"rendered":"<p>Kompresor Dometic CU55 okomito &#8211; <\/p>\n<p style=\"color: rgb(34, 34, 34); font-family: Arial, Helvetica, sans-serif; font-size: small;\">Dometic CU55 vertikalni kompresor. Ova jedinica pogodna za po\u010detnike posebno je osmi\u0161ljena za male potrebe hla\u0111enja, posebno u hladnim vodama poput Sjevernog i Balti\u010dkog mora. Prilikom odabira vrste ispariva\u010da, uzmite u obzir mjesto instalacije, potrebnu hla\u0111enu snagu i svoje osobne preferencije. Ovaj hla\u0111eni sustav radi tiho i uklju\u010duje zna\u010dajke poput regulacije snage, unaprijed napunjenog rashladnog sredstva i samostalnih ventila za brze spojke radi jednostavne postavke. Monta\u017ena plo\u010da od nehr\u0111aju\u0107eg \u010delika otporna na koroziju osigurava dugotrajan rad.<\/p>\n<p style=\"color: rgb(34, 34, 34); font-family: Arial, Helvetica, sans-serif; font-size: small;\">Ovaj sustav hla\u0111enja dolazi s:<\/p>\n<ul style=\"color: rgb(34, 34, 34); font-family: Arial, Helvetica, sans-serif; font-size: small;\">\n<li>1 x 12\/24V dual voltage hla\u0111ena jedinica<\/li>\n<li>1 x Ispariva\u010d opremljen Dometic spojnicama<\/li>\n<\/ul>\n<p style=\"color: rgb(34, 34, 34); font-family: Arial, Helvetica, sans-serif; font-size: small;\">Tehni\u010dki detalji uklju\u010duju:<\/p>\n<ul style=\"color: rgb(34, 34, 34); font-family: Arial, Helvetica, sans-serif; font-size: small;\">\n<li>Ulazni napon: 12\/24 volti DC<\/li>\n<li>Potrosnja energije: oko 35 ili 40 vata, ovisno o modelu ispariva\u010da<\/li>\n<li>Dimenzije (\u0160xVxD): 220 x 160 x 220 mm<\/li>\n<li>Te\u017eina: oko 6,5 kg<\/li>\n<li>Prikladno za sadr\u017eaj hladnjaka do 130 litara za standardno hla\u0111enje s izravnim ispariva\u010dima, ili do 100 litara za skladi\u0161tenje hladno\u0107e<\/li>\n<\/ul>\n","protected":false},"excerpt":{"rendered":"<p>Kompresor Dometic CU55 okomito &#8211; Dometic CU55 vertikalni kompresor. Ova jedinica pogodna za po\u010detnike posebno je osmi\u0161ljena za male potrebe<\/p>\n","protected":false},"featured_media":5946423,"comment_status":"open","ping_status":"closed","template":"","meta":[],"product_brand":[2896],"product_cat":[1751],"product_tag":[],"class_list":{"0":"post-744370","1":"product","2":"type-product","3":"status-publish","4":"has-post-thumbnail","6":"product_brand-dometic-hr","7":"product_cat-hladnjaci-i-zamrzivaci","9":"first","10":"instock","11":"shipping-taxable","12":"purchasable","13":"product-type-simple"},"_links":{"self":[{"href":"https:\/\/stoic-curie.212-227-153-4.plesk.page\/hr\/wp-json\/wp\/v2\/product\/744370","targetHints":{"allow":["GET"]}}],"collection":[{"href":"https:\/\/stoic-curie.212-227-153-4.plesk.page\/hr\/wp-json\/wp\/v2\/product"}],"about":[{"href":"https:\/\/stoic-curie.212-227-153-4.plesk.page\/hr\/wp-json\/wp\/v2\/types\/product"}],"replies":[{"embeddable":true,"href":"https:\/\/stoic-curie.212-227-153-4.plesk.page\/hr\/wp-json\/wp\/v2\/comments?post=744370"}],"version-history":[{"count":0,"href":"https:\/\/stoic-curie.212-227-153-4.plesk.page\/hr\/wp-json\/wp\/v2\/product\/744370\/revisions"}],"wp:featuredmedia":[{"embeddable":true,"href":"https:\/\/stoic-curie.212-227-153-4.plesk.page\/hr\/wp-json\/wp\/v2\/media\/5946423"}],"wp:attachment":[{"href":"https:\/\/stoic-curie.212-227-153-4.plesk.page\/hr\/wp-json\/wp\/v2\/media?parent=744370"}],"wp:term":[{"taxonomy":"product_brand","embeddable":true,"href":"https:\/\/stoic-curie.212-227-153-4.plesk.page\/hr\/wp-json\/wp\/v2\/product_brand?post=744370"},{"taxonomy":"product_cat","embeddable":true,"href":"https:\/\/stoic-curie.212-227-153-4.plesk.page\/hr\/wp-json\/wp\/v2\/product_cat?post=744370"},{"taxonomy":"product_tag","embeddable":true,"href":"https:\/\/stoic-curie.212-227-153-4.plesk.page\/hr\/wp-json\/wp\/v2\/product_tag?post=744370"}],"curies":[{"name":"wp","href":"https:\/\/api.w.org\/{rel}","templated":true}]}}

<p>Kompresor Dometic CU55 okomito &#8211; </p>
<p style="color: rgb(34, 34, 34); font-family: Arial, Helvetica, sans-serif; font-size: small;">Dometic CU55 vertikalni kompresor. Ova jedinica pogodna za početnike posebno je osmišljena za male potrebe hlađenja, posebno u hladnim vodama poput Sjevernog i Baltičkog mora. Prilikom odabira vrste isparivača, uzmite u obzir mjesto instalacije, potrebnu hlađenu snagu i svoje osobne preferencije. Ovaj hlađeni sustav radi tiho i uključuje značajke poput regulacije snage, unaprijed napunjenog rashladnog sredstva i samostalnih ventila za brze spojke radi jednostavne postavke. Montažna ploča od nehrđajućeg čelika otporna na koroziju osigurava dugotrajan rad.</p>
<p style="color: rgb(34, 34, 34); font-family: Arial, Helvetica, sans-serif; font-size: small;">Ovaj sustav hlađenja dolazi s:</p>
<ul style="color: rgb(34, 34, 34); font-family: Arial, Helvetica, sans-serif; font-size: small;">
<li>1 x 12/24V dual voltage hlađena jedinica</li>
<li>1 x Isparivač opremljen Dometic spojnicama</li>
</ul>
<p style="color: rgb(34, 34, 34); font-family: Arial, Helvetica, sans-serif; font-size: small;">Tehnički detalji uključuju:</p>
<ul style="color: rgb(34, 34, 34); font-family: Arial, Helvetica, sans-serif; font-size: small;">
<li>Ulazni napon: 12/24 volti DC</li>
<li>Potrosnja energije: oko 35 ili 40 vata, ovisno o modelu isparivača</li>
<li>Dimenzije (ŠxVxD): 220 x 160 x 220 mm</li>
<li>Težina: oko 6,5 kg</li>
<li>Prikladno za sadržaj hladnjaka do 130 litara za standardno hlađenje s izravnim isparivačima, ili do 100 litara za skladištenje hladnoće</li>
</ul>

<p>Kompresor Dometic CU55 okomito &#8211; Dometic CU55 vertikalni kompresor. Ova jedinica pogodna za početnike posebno je osmišljena za male potrebe</p>
